{"id":67174,"date":"2026-08-20T11:00:50","date_gmt":"2026-08-20T15:00:50","guid":{"rendered":"http:\/\/el-surti-2026.local\/evento\/festival-periodismo-tecnologia-latam-2026\/"},"modified":"2026-08-20T20:56:57","modified_gmt":"2026-08-20T23:56:57","slug":"festival-periodismo-tecnologia-latam-2026","status":"publish","type":"evento","link":"https:\/\/elsurti.dev\/pt\/evento\/festival-periodismo-tecnologia-latam-2026\/","title":{"rendered":"Festival de Periodismo &#038; Tecnolog\u00eda LATAM 2026"},"content":{"rendered":"<p>Jornada internacional de ponencias, laboratorios de an\u00e1lisis de datos e inteligencia artificial aplicada al periodismo independiente en Am\u00e9rica Latina.<\/p>","protected":false},"excerpt":{"rendered":"<p>Jornada internacional de ponencias, laboratorios de an\u00e1lisis de datos e inteligencia artificial aplicada al periodismo independiente en Am\u00e9rica Latina.<\/p>","protected":false},"author":1294,"featured_media":67178,"template":"","meta":{"_acf_changed":false,"pmpro_default_level":"","footnotes":"","_elsurti_evento_fecha_inicio":"2026-11-28","_elsurti_evento_hora_inicio":"10:00","_elsurti_evento_fecha_fin":"","_elsurti_evento_hora_fin":"19:00","_elsurti_evento_modalidad":"hibrido","_elsurti_evento_max_participantes":200},"class_list":["post-67174","evento","type-evento","status-publish","has-post-thumbnail","hentry","pmpro-has-access"],"acf":[],"elsurti_evento":{"fecha_inicio":"2026-11-28","hora_inicio":"10:00","fecha_fin":"","hora_fin":"19:00","modalidad":"hibrido","categoria":"Festival","organizador":"Red Latam & Surti","lugar":{"nombre":"Centro Cultural San Mart\u00edn","direccion":"Sarmiento 1551","ciudad":"Buenos Aires","pais":"AR","pais_nombre":"Argentina","mapa_url":"https:\/\/maps.google.com\/?q=Centro+Cultural+San+Martin+Sarmiento+1551+Buenos+Aires"},"plataforma":"Zoom","url":"","max_participantes":200,"spots_left":200,"past":false,"my_reservation":null,"faq":{"items":[{"pregunta":"\u00bfEl evento es presencial o virtual?","respuesta":"Es h\u00edbrido: pod\u00e9s participar de forma presencial o seguir las sesiones por Zoom."}]}},"_links":{"self":[{"href":"https:\/\/elsurti.dev\/pt\/wp-json\/wp\/v2\/eventos\/67174","targetHints":{"allow":["GET"]}}],"collection":[{"href":"https:\/\/elsurti.dev\/pt\/wp-json\/wp\/v2\/eventos"}],"about":[{"href":"https:\/\/elsurti.dev\/pt\/wp-json\/wp\/v2\/types\/evento"}],"author":[{"embeddable":true,"href":"https:\/\/elsurti.dev\/pt\/wp-json\/wp\/v2\/users\/1294"}],"version-history":[{"count":1,"href":"https:\/\/elsurti.dev\/pt\/wp-json\/wp\/v2\/eventos\/67174\/revisions"}],"predecessor-version":[{"id":67184,"href":"https:\/\/elsurti.dev\/pt\/wp-json\/wp\/v2\/eventos\/67174\/revisions\/67184"}],"wp:featuredmedia":[{"embeddable":true,"href":"https:\/\/elsurti.dev\/pt\/wp-json\/wp\/v2\/media\/67178"}],"wp:attachment":[{"href":"https:\/\/elsurti.dev\/pt\/wp-json\/wp\/v2\/media?parent=67174"}],"curies":[{"name":"wp","href":"https:\/\/api.w.org\/{rel}","templated":true}]}}

Festival de Periodismo &#038; Tecnología LATAM 2026

<p>Jornada internacional de ponencias, laboratorios de análisis de datos e inteligencia artificial aplicada al periodismo independiente en América Latina.</p>

Centro Cultural San Martín

Es híbrido: podés participar de forma presencial o seguir las sesiones por Zoom.
