{"id":67175,"date":"2026-08-20T11:00:50","date_gmt":"2026-08-20T15:00:50","guid":{"rendered":"http:\/\/el-surti-2026.local\/evento\/encuentro-podcast-narrativo-diseno-sonoro\/"},"modified":"2026-08-20T20:56:36","modified_gmt":"2026-08-20T23:56:36","slug":"encuentro-podcast-narrativo-diseno-sonoro","status":"publish","type":"evento","link":"https:\/\/elsurti.dev\/pt\/evento\/encuentro-podcast-narrativo-diseno-sonoro\/","title":{"rendered":"Encuentro de Podcast Narrativo &#038; Dise\u00f1o Sonoro"},"content":{"rendered":"<p>Laboratorio sobre creaci\u00f3n de historias en audio, edici\u00f3n de gui\u00f3n sonoro y estrategias de distribuci\u00f3n para proyectos culturales de la regi\u00f3n.<\/p>","protected":false},"excerpt":{"rendered":"<p>Laboratorio sobre creaci\u00f3n de historias en audio, edici\u00f3n de gui\u00f3n sonoro y estrategias de distribuci\u00f3n para proyectos culturales de la regi\u00f3n.<\/p>","protected":false},"author":1294,"featured_media":67177,"template":"","meta":{"_acf_changed":false,"pmpro_default_level":"","footnotes":"","_elsurti_evento_fecha_inicio":"2026-12-04","_elsurti_evento_hora_inicio":"17:00","_elsurti_evento_fecha_fin":"","_elsurti_evento_hora_fin":"20:00","_elsurti_evento_modalidad":"presencial","_elsurti_evento_max_participantes":50},"class_list":["post-67175","evento","type-evento","status-publish","has-post-thumbnail","hentry","pmpro-has-access"],"acf":[],"elsurti_evento":{"fecha_inicio":"2026-12-04","hora_inicio":"17:00","fecha_fin":"","hora_fin":"20:00","modalidad":"presencial","categoria":"Encuentro","organizador":"SURTI R\u00cdO","lugar":{"nombre":"Instituto Moreira Salles (IMS)","direccion":"Av. Paulista 2439","ciudad":"R\u00edo de Janeiro","pais":"BR","pais_nombre":"Brasil","mapa_url":"https:\/\/maps.google.com\/?q=Instituto+Moreira+Salles+Av+Paulista+2439"},"plataforma":"","url":"","max_participantes":50,"spots_left":50,"past":false,"my_reservation":null,"faq":{"items":[]}},"_links":{"self":[{"href":"https:\/\/elsurti.dev\/pt\/wp-json\/wp\/v2\/eventos\/67175","targetHints":{"allow":["GET"]}}],"collection":[{"href":"https:\/\/elsurti.dev\/pt\/wp-json\/wp\/v2\/eventos"}],"about":[{"href":"https:\/\/elsurti.dev\/pt\/wp-json\/wp\/v2\/types\/evento"}],"author":[{"embeddable":true,"href":"https:\/\/elsurti.dev\/pt\/wp-json\/wp\/v2\/users\/1294"}],"version-history":[{"count":1,"href":"https:\/\/elsurti.dev\/pt\/wp-json\/wp\/v2\/eventos\/67175\/revisions"}],"predecessor-version":[{"id":67183,"href":"https:\/\/elsurti.dev\/pt\/wp-json\/wp\/v2\/eventos\/67175\/revisions\/67183"}],"wp:featuredmedia":[{"embeddable":true,"href":"https:\/\/elsurti.dev\/pt\/wp-json\/wp\/v2\/media\/67177"}],"wp:attachment":[{"href":"https:\/\/elsurti.dev\/pt\/wp-json\/wp\/v2\/media?parent=67175"}],"curies":[{"name":"wp","href":"https:\/\/api.w.org\/{rel}","templated":true}]}}

Encuentro de Podcast Narrativo &#038; Diseño Sonoro

<p>Laboratorio sobre creación de historias en audio, edición de guión sonoro y estrategias de distribución para proyectos culturales de la región.</p>

SURTI RÍO

Río de Janeiro
